 = -4*x + 28. Give u(7).
0
Let o(y) = -y**3 - y**2 - 2*y - 3. Calculate o(0).
-3
Let r(x) = x**2 - 19*x + 39. Give r(17).
5
Let k(z) = -z**3 + 4*z**2 + 6*z + 2. What is k(5)?
7
Let c(p) = p**3 - 7*p**2 - 9*p + 2. Give c(8).
-6
Let o(j) = -j**3 - j**2 + 4*j - 1. Give o(-2).
-5
Let n(i) = 7*i + 139. Calculate n(-20).
-1
Let k(q) = -q**3 - 5*q**2 + 21*q + 12. Calculate k(-7).
-37
Let c(h) = 3*h**3 - h**2 + 4. Determine c(2).
24
Let v(u) = 2*u**2 + 55*u - 46. What is v(-28)?
-18
Let i(l) = -2*l + 3. What is i(6)?
-9
Let p(a) = -a**3 + 4*a**2 + 11*a + 6. Calculate p(6).
0
Let h(o) = -o**3 - 7*o**2 + 12*o + 4. Determine h(-8).
-28
Let g(s) = -14*s + 59. Calculate g(4).
3
Let p(a) = a**3 - 4*a**2 - a - 2. What is p(-4)?
-126
Let j(n) = n**3 + 2*n**2 + n - 6. Give j(0).
-6
Let d(c) = 21*c - 3. Calculate d(1).
18
Let g(m) = -14*m + 6. Give g(-2).
34
Let k(q) = 72*q + 4. Calculate k(-1).
-68
Let v(f) = 19*f - 6. Give v(0).
-6
Let j(q) = q**3 + 8*q**2 - q - 5. Calculate j(-7).
51
Let j(g) = -g**3 + 6*g**2 + 2*g - 2. Calculate j(4).
38
Let v(k) = k**2 - 15*k + 50. Give v(11).
6
Let n(t) = 3*t**3 - 4*t**2 + 4*t - 3. Determine n(2).
13
Let v(x) = x**2 - 4*x - 5. What is v(8)?
27
Let f(w) = 3*w + 10. What is f(-3)?
1
Let d(s) = -2*s + 5. Calculate d(-2).
9
Let y(f) = -2*f**2 - 16*f - 8. Determine y(-7).
6
Let s(v) = -79*v**3 - 2*v + 3. Determine s(1).
-78
Let w(a) = a**2 - 14*a - 50. Give w(17).
1
Let q(b) = 9*b - 14. Determine q(6).
40
Let p(l) = -2*l**3 + 22*l**2 - 57*l + 8. Give p(6).
26
Let l(p) = -p - 13. Calculate l(-15).
2
Let q(y) = -8*y + 1. Give q(-4).
33
Let f(b) = -b**2 + 5*b - 6. Calculate f(5).
-6
Let y(o) = 3*o**2 + 4*o + 3. What is y(-3)?
18
Let f(c) = -3*c**3 + 3*c**2. Calculate f(1).
0
Let p(x) = -2*x + 5. Calculate p(-8).
21
Let a(j) = -3*j**2 + j. What is a(0)?
0
Let c(b) = 2*b + 38. Give c(-30).
-22
Let w(h) = -h**3 - 2*h + 4. Give w(4).
-68
Let b(r) = r**2 - 20*r + 14. Give b(10).
-86
Let m(g) = g**2 - 10*g - 171. What is m(19)?
0
Let b(p) = p**3 + 7*p**2 + p + 4. Determine b(-7).
-3
Let c(n) = -n**2 - 10*n + 19. Calculate c(-11).
8
Let i(x) = 2*x**2 + 41*x + 44. Calculate i(-18).
-46
Let f(h) = -h**2 - 11*h - 18. Give f(-9).
0
Let t(f) = -f**3 + 4*f**2 + 2*f - 5. Determine t(4).
3
Let d(i) = -6*i - 98. Give d(-16).
-2
Let g(u) = -3*u + 52. Give g(17).
1
Let i(r) = r**2 - 9*r - 2. Determine i(10).
8
Let v(y) = -y**2 - 17*y - 42. Calculate v(-14).
0
Let m(o) = o**2 - 9*o - 18. What is m(10)?
-8
Let l(i) = 2*i**2 + 12*i + 25. Determine l(-9).
79
Let q(j) = j**2 + 19*j - 2. Give q(-21).
40
Let h(a) = -2*a + 32. Calculate h(12).
8
Let r(i) = 13*i + 97. Determine r(-9).
-20
Let g(l) = 2*l**2 - 31*l - 50. What is g(16)?
-34
Let s(f) = -f**3 - 9*f**2 + 138*f + 34. Give s(-17).
0
Let w(f) = 3*f + 19. Calculate w(-5).
4
Let k(s) = 2*s**2 + 15*s - 44. Determine k(-10).
6
Let g(v) = -v**3 + 7*v**2 + v + 1. Determine g(7).
8
Let i(q) = -q**2 + 18*q - 19. Determine i(16).
13
Let s(q) = 8*q - 6. Determine s(-6).
-54
Let d(y) = -9*y + 17. Determine d(6).
-37
Let h(o) = -8*o + 5. What is h(6)?
-43
Let g(w) = -w**3 + 24*w**2 - 21*w - 20. What is g(23)?
26
Let x(z) = -106*z + 959. Give x(9).
5
Let z(o) = 2*o**2 + 2*o + 24. Determine z(-7).
108
Let w(j) = 3*j**2 + 4*j + 2. What is w(4)?
66
Let f(t) = 5*t**2 + 38*t + 15. Give f(-8).
31
Let l(b) = 2*b**3 + b**2 - 4*b + 4. Calculate l(1).
3
Let h(r) = r**3 - 2*r**2 - r + 2. What is h(-3)?
-40
Let a(f) = 35*f. Calculate a(1).
35
Let i(a) = -a**3 - 11*a**2 + 11*a. What is i(-12)?
12
Let t(j) = -194*j - 777. Give t(-4).
-1
Let q(d) = -10*d**2 - d + 1. What is q(-1)?
-8
Let d(h) = 34*h - 1. Calculate d(1).
33
Let m(q) = q**3 + 12*q**2 + 13*q - 6. Give m(-6).
132
Let o(j) = j**2 + 2*j - 37. Give o(-11).
62
Let b(d) = -2*d**3 - 5*d**2 - 2*d - 1. Give b(-3).
14
Let r(x) = x**2 + 15*x + 14. Determine r(-14).
0
Let a(f) = 82*f + 85. Determine a(-1).
3
Let p(k) = 16*k**2 - 45*k - 10. Determine p(3).
-1
Let x(g) = 2*g - 24. Determine x(8).
-8
Let v(p) = 5*p**3 - 32*p**2 + 9*p + 5. Determine v(6).
-13
Let f(a) = 2*a**2 + 9*a - 24. Calculate f(-8).
32
Let q(l) = l**2 - 7*l + 3. Calculate q(9).
21
Let t(o) = 10*o - 13. What is t(-1)?
-23
Let a(d) = 2*d**2 - 12*d - 26. Calculate a(12).
118
Let z(u) = -u**2 - u + 16. Give z(-5).
-4
Let x(h) = -2*h**2 + 15*h - 12. What is x(11)?
-89
Let g(h) = 9*h - 1. Determine g(-5).
-46
Let q(g) = g**2 + 10*g + 12. Give q(-10).
12
Let h(l) = -2*l**2 + 26*l - 8. Calculate h(13).
-8
Let y(g) = 21*g + 164. Calculate y(-8).
-4
Let l(r) = r + 5. Calculate l(7).
12
Let l(m) = m**3 + 3*m**2 - 5*m + 11. Determine l(-4).
15
Let y(v) = -2*v**3 - 5*v**2 + 3*v. Determine y(-4).
36
Let z(c) = -c - 15. What is z(-14)?
-1
Let c(u) = 8*u**2 + 156*u - 78. Calculate c(-20).
2
Let d(j) = j**3 + 22*j**2 + 39*j + 23. Calculate d(-20).
43
Let o(a) = a - 13. Determine o(-13).
-26
Let s(p) = -p**3 + 9*p**2 - 13*p - 9. What is s(7)?
-2
Let h(j) = -33*j**2 + j - 1. Give h(1).
-33
Let z(j) = -j**2 - j + 14. Calculate z(-8).
-42
Let o(z) = 65*z + 333. Determine o(-5).
8
Let t(o) = -4*o**2 - 24*o - 3. Determine t(-6).
-3
Let u(f) = 18*f + 23. Give u(1).
41
Let n(v) = v**2 + 13*v + 17. What is n(-12)?
5
Let h(c) = -2*c**2 + 14*c - 15. Determine h(6).
-3
Let n(b) = -b**2 + 13*b - 33. Give n(9).
3
Let q(w) = -w**3 + 13*w**2 - 6*w + 63. Give q(13).
-15
Let m(k) = -k**3 + 28*k**2 - 27*k + 50. Determine m(27).
50
Let s(k) = k**3 - 7*k**2 - 1. Determine s(7).
-1
Let z(r) = 3*r**2 + 3*r + 5. Calculate z(-5).
65
Let h(j) = 3*j**2 + 11*j + 9. Give h(-6).
51
Let z(f) = 3*f - 47. Determine z(19).
10
Let y(n) = -n**2 - 1. Determine y(3).
-10
Let i(c) = c**3 - 10*c**2 + 22. Determine i(10).
22
Let k(q) = q**2 + 4*q - 14. Determine k(0).
-14
Let x(a) = -a**2 + 9*a - 1. Calculate x(6).
17
Let y(c) = -7*c - 72. Give y(-11).
5
Let x(v) = -v**3 - 6*v**2 + 9*v - 8. Calculate x(-7).
-22
Let a(o) = 2*o**2 - 12*o + 24. What is a(5)?
14
Let o(p) = -2*p + 47. Give o(16).
15
Let j(i) = 2*i**3 - 47*i**2 + 22*i + 18. Determine j(23).
-5
Let x(g) = -5*g + 7. What is x(2)?
-3
Let m(c) = 24*c**3 + 7*c**2 - 9*c + 1. Give m(1).
23
Let o(n) = -3*n**2 + 32*n - 17. Give o(10).
3
Let r(b) = 5*b + 13. Calculate r(-4).
-7
Let q(c) = c**3 - 8*c**2 - c + 50. What is q(7)?
-6
Let y(v) = -v**2 - 3. Calculate y(5).
-28
Let b(k) = -3*k**3 - k**2 - 2*k - 5. What is b(-3)?
73
Let j(q) = q**2 - 3*q. Give j(3).
0
Let l(g) = -2*g**2 - 13*g - 6. Calculate l(-7).
-13
Let q(r) = r**2 - 11*r - 17. Calculate q(12).
-5
Let p(s) = -s**3 + 8*s**2 + 5*s - 26. Calculate p(9).
-62
Let m(a) = a**3 + 8*a**2 + 3*a - 4. Determine m(-3).
32
Let x(a) = 3*a + 7. Determine x(-4).
-5
Let m(u) = 23*u - 76. Calculate m(4).
16
Let y(g) = -g**2 + 2*g + 59. Calculate y(-6).
11
Let v(a) = 12*a - 6. Determine v(5).
54
Let o(p) = -p**2 - 3*p. Give o(-5).
-10
Let q(d) = 28*d**3 - d**2 - 2*d - 1. Calculate q(-1).
-28
Let q(i) = i**3 + 20*i**2 + 11*i - 148. Calculate q(-19).
4
Let t(u) = -27*u + 1. What is t(-2)?
55
Let m(h) = 16*h + 51. Give m(-4).
-13
Let b(r) = -36*r**2 + 3*r + 1. Calculate b(-1).
-38
Let z(a) = -7*a**2 + 3*a + 4. Determine z(3).
-50
Let o(f) = f + 3. What is o(11)?
14
Let j(k) = -25*k - 43. Determine j(-2).
7
Let m(a) = 2*a**2 - 10*a + 3. What is m(-7)?
171
Let t(s) = -s**2 + 2*s - 19. Determine t(4).
-27
Let j(p) = -4*p - 80. Calculate j(-22).
8
Let j(u) = -u**2 + 2*u + 9. What is j(5)?
-6
Let a(j) = -j**2 + 3*j + 17. Determine a(6).
-1
Let u(c) = -3*c**2 + 2. Calculate u(-3).
-25
Let c(s) = -4*s - 20. Calculate c(-4).
-4
Let k(g) = g**3 - 16*g**2 - 2*g - 3. Give k(16).
-35
Let o(x) = -4*x**3 + 19*x**2 + 8*x - 27. Determine o(5).
-12
Let d(r) = -r**3 + 13*r**2 + 10*r + 9. Give d(14).
-47
Let w(v) = v**3 + 14*v**2 + 5*v - 23. What is w(-14)?
-93
Let l(k) = k**3 + 7*k**2 - 4*k + 1. Give l(-5).
71
Let h(p) = p + 32. What is h(0)?
32
Let a(u) = u**3 + 9*u**2 + 8. Determine a(-9).
8
Let a(p) = 3*p + 102. Calculate a(-32).
6
Let s(c) = 2*c**2 - 14*c + 36. What is s(4)?
12
Let v(g) = 3*g - 14. Give v(6).
4
Let d(f) = -27*f - 399. Give d(-15).
6
Let w(g) = -g**2 - 11. Determine w(0).
-11
Let y(l) = 12*l + 18. What is y(0)?
18
Let z(j) = -24*j - 15. What is z(-1)?
9
Let k(t) = -t**3 - 11*t**2 - 10*t - 1. Determine k(-9).
-73
Let a(u) = 2*u - 34. Calculate a(-14).
-62
Let g(o) = 